posite?
False
Is 177691 composite?
False
Is 57089 prime?
True
Is 134187 a composite number?
True
Is 1973 prime?
True
Is 13841 composite?
False
Is 209431 a prime number?
True
Is 856589 prime?
False
Is 1361 composite?
False
Is 65507 a composite number?
True
Is 77483 composite?
True
Is 143137 prime?
True
Is 631 prime?
True
Is 38765 a composite number?
True
Is 75073 prime?
False
Is 137639 a composite number?
False
Is 23267 prime?
False
Is 7717 composite?
False
Is 142633 a prime number?
False
Is 29377 a prime number?
False
Is 132019 a composite number?
False
Is 3941 a composite number?
True
Is 46091 prime?
True
Is 1711 a prime number?
False
Is 4151 a prime number?
False
Is 15601 prime?
True
Is 186187 a prime number?
True
Is 32477 a composite number?
True
Is 11589 a prime number?
False
Is 574973 composite?
True
Is 47681 prime?
True
Is 306301 a composite number?
False
Is 138313 a prime number?
False
Is 18293 a prime number?
False
Is 957119 a prime number?
True
Is 3991 a composite number?
True
Is 121403 prime?
True
Is 2171 a composite number?
True
Is 2491 a composite number?
True
Is 38039 composite?
False
Is 539177 prime?
False
Is 53367 prime?
False
Is 23137 composite?
True
Is 91759 a prime number?
False
Is 505 a composite number?
True
Is 1874 prime?
False
Is 15838 a prime number?
False
Is 631 prime?
True
Is 242081 prime?
False
Is 140591 a prime number?
False
Is 824977 a prime number?
True
Is 15815 prime?
False
Is 16373 a composite number?
True
Is 19841 prime?
True
Is 572041 prime?
True
Is 17011 composite?
False
Is 193423 a composite number?
False
Is 23393 composite?
True
Is 438281 a prime number?
True
Is 11143 prime?
False
Is 22409 a composite number?
False
Is 359869 composite?
False
Is 202694 composite?
True
Is 3791 composite?
True
Is 527809 a prime number?
True
Is 143 composite?
True
Is 3761 a composite number?
False
Is 1561 prime?
False
Is 72689 a composite number?
False
Is 105319 prime?
True
Is 4821 prime?
False
Is 258977 prime?
True
Is 3691 a prime number?
True
Is 7320685 prime?
False
Is 2807 a composite number?
True
Is 62311 a composite number?
False
Is 564477 a composite number?
True
Is 6980927 a composite number?
False
Is 2939 a prime number?
True
Is 91261 prime?
False
Is 292133 a prime number?
True
Is 136411 a prime number?
False
Is 640837 a prime number?
True
Is 152939 prime?
True
Is 62389 a prime number?
False
Is 33265 composite?
True
Is 118343 a composite number?
False
Is 8301 prime?
False
Is 20639 a prime number?
True
Is 42277 a prime number?
False
Is 8717 a prime number?
False
Is 975961 prime?
False
Is 94373 a composite number?
True
Is 16703 a prime number?
True
Is 1294599 composite?
True
Is 25013 prime?
True
Is 4861 prime?
True
Is 149 a composite number?
False
Is 13714 a composite number?
True
Is 67681 prime?
False
Is 180731 a composite number?
False
Is 136043 a prime number?
True
Is 165343 a composite number?
False
Is 164435 prime?
False
Is 92471 composite?
True
Is 38419 composite?
True
Is 117563 a prime number?
True
Is 1994 prime?
False
Is 36671 composite?
False
Is 1391 a composite number?
True
Is 734377 a composite number?
True
Is 189653 composite?
False
Is 611 a prime number?
False
Is 383237 composite?
True
Is 940649 composite?
False
Is 10331 composite?
False
Is 107827 a composite number?
False
Is 52265 a prime number?
False
Is 51593 a prime number?
True
Is 206513 prime?
False
Is 161197 a composite number?
True
Is 1088569 a prime number?
True
Is 114913 prime?
True
Is 1677191 a prime number?
True
Is 8849 a composite number?
False
Is 11597 composite?
False
Is 9601 a composite number?
False
Is 12277 composite?
False
Is 428221 composite?
False
Is 1782743 prime?
True
Is 1276927 a prime number?
True
Is 5087 a prime number?
True
Is 4751 composite?
False
Is 173237 prime?
False
Is 42131 a prime number?
True
Is 589801 a prime number?
False
Is 81091 composite?
True
Is 800773 prime?
True
Is 50287 composite?
False
Is 1305133 a composite number?
True
Is 1061 a prime number?
True
Is 545981 composite?
True
Is 733259 prime?
False
Is 24607 a composite number?
True
Is 265657 a prime number?
False
Is 4927 a prime number?
False
Is 2209579 composite?
False
Is 166087 composite?
True
Is 43391 prime?
True
Is 20337 a composite number?
True
Is 196855 a composite number?
True
Is 6689 composite?
False
Is 32479 prime?
True
Is 1109 a composite number?
False
Is 44357 composite?
False
Is 787 composite?
False
Is 8887 a prime number?
True
Is 5773 prime?
False
Is 241579 a composite number?
True
Is 44881 a prime number?
False
Is 4889 a prime number?
True
Is 45701 a prime number?
False
Is 36213 a composite number?
True
Is 6947 composite?
False
Is 5207 a prime number?
False
Is 1219145 a prime number?
False
Is 77509 a prime number?
True
Is 777349 a composite number?
False
Is 19949 prime?
True
Is 188519 composite?
False
Is 12421 a composite number?
False
Is 4826995 composite?
True
Is 31361 a prime number?
False
Is 281821 a composite number?
True
Is 5569 composite?
False
Is 229897 prime?
True
Is 1075435 prime?
False
Is 5317 composite?
True
Is 997 prime?
True
Is 107986 composite?
True
Is 152659 prime?
False
Is 312737 prime?
True
Is 1426909 a prime number?
False
Is 90947 prime?
True
Is 1967 a prime number?
False
Is 14939 a prime number?
True
Is 19967 a composite number?
True
Is 676645 composite?
True
Is 9587 a composite number?
False
Is 5381 a prime number?
True
Is 146911 prime?
False
Is 12151 prime?
False
Is 35671 prime?
True
Is 272737 composite?
False
Is 125938 composite?
True
Is 150749 prime?
False
Is 10427 prime?
True
Is 8005 prime?
False
Is 105071 prime?
True
Is 181187 composite?
True
Is 2841 prime?
False
Is 1685 prime?
False
Is 3761 a prime number?
True
Is 6353 a prime number?
True
Is 57467 a prime number?
True
Is 44257 a prime number?
True
Is 11341 a composite number?
True
Is 7433 a prime number?
True
Is 38195 composite?
True
Is 86455 prime?
False
Is 8461 prime?
True
Is 20633 prime?
False
Is 1777 a composite number?
False
Is 314749 composite?
True
Is 4621 a prime number?
True
Is 64669 a prime number?
False
Is 722713 a prime number?
True
Is 32327 a prime number?
True
Is 19223 a composite number?
True
Is 667477 a prime number?
True
Is 309253 a composite number?
True
Is 75767 composite?
False
Is 677921 a prime number?
False
Is 4711 composite?
True
Is 65287 composite?
False
Is 7933 a composite number?
False
Is 1793 a composite number?
True
Is 34411 a prime number?
False
Is 2927 a prime number?
True
Is 7717 a prime number?
True
Is 52271 a composite number?
True
Is 11389 composite?
True
Is 1178769 composite?
True
Is 35197 a prime number?
False
Is 14349 prime?
False
Is 172195 composite?
True
Is 634357 a composite number?
True
Is 2291 composite?
True
Is 8391 composite?
True
Is 5737 a composite number?
False
Is 77297 a composite number?
True
Is 1847 prime?
True
Is 90947 prime?
True
Is 3314 composite?
True
Is 63463 prime?
True
Is 45019 a prime number?
False
Is 118478 a prime number?
False
Is 45481 a composite number?
False
Is 19969 a composite number?
True
Is 68785 a prime number?
False
Is 21503 composite?
False
Is 402238 a prime number?
False
Is 5207 prime?
False
Is 10655 prime?
False
Is 256117 a composite number?
False
Is 68977 a composite number?
True
Is 413209 a composite number?
True
Is 40423 a prime number?
True
Is 893903 a composite number?
False
Is 135977 prime?
True
Is 139249 prime?
False
Is 49429 a composite number?
False
Is 156413 composite?
True
Is 3236734 composite?
True
Is 7993 a prime number?
True
Is 44413 a composite number?
True
Is 512779 a composite number?
False
Is 2530237 composite?
False
Is 1967 composite?
True
Is 148919 composite?
True
Is 1949 composite?
False
Is 757769 composite?
True
Is 360826 a composite number?
True
Is 240085 composite?
True
Is 1753 a prime number?
True
Is 2153 a composite number?
False
Is 417089 prime?
True
Is 31121 a prime number?
True
Is 54709 a composite number?
False
Is 504121 composite?
False
Is 3163 composite?
False
Is 17647 prime?
False
Is 751447 prime?
True
Is 32957 a composite number?
False
Is 3079751 a composite number?
False
Is 100733 a prime number?
True
Is 1900571 prime?
True
Is 43489 a prime number?
False
Is 1101 prime?
False
Is 507017 prime?
False
Is 88933 a prime number?
False
Is 1285 a composite number?
True
Is 2